33. Let a = -8 - y. What is the units digit of (a/3)/((-2)/(-4))?
2
Let s(l) = 2*l**2 - 9*l + 8. Let h be s(5). Suppose 5 = -3*t + 4*t + j, -j = 3*t - h. What is the units digit of t?
4
Let u be ((-1)/(-2)*8)/2. Suppose -4*i + u*i = -6. What is the units digit of i?
3
Suppose -3*b - b = 5*t - 4, -t + b + 8 = 0. Suppose t*w - 1 - 43 = 0. What is the tens digit of w?
1
Let z = 0 + 30. Suppose j + z = 84. What is the units digit of 3/12 + j/8?
7
Suppose 2 = -2*b + 4. What is the units digit of b?
1
Let o = -44 + 140. What is the units digit of o?
6
Let y be (16/(-3))/((-4)/12). Let u = y - 12. What is the units digit of u?
4
Suppose -5*i + 74 = -6. Let u = -2 + i. What is the tens digit of u?
1
Suppose 2*d = -i + 14, -5*i + 2*d + 105 = 5*d. Let c = 18 + -33. Let a = c + i. What is the units digit of a?
9
Let i = -24 + 43. Suppose 13 = -4*l - i. What is the units digit of 4*6/l*-2?
6
Suppose 2*s - 6 = 4. What is the units digit of (-2)/5 - (-87)/s?
7
Suppose -41 + 6 = -5*u. Suppose u*t - 45 = 2*t. What is the units digit of t?
9
Let r = 0 - -1. What is the units digit of (r - 2)/((-5)/90)?
8
Suppose 3 + 1 = 4*m - 4*o, -7 = -m - 5*o. What is the units digit of (m/(-5))/((-1)/25)?
0
Let k = 122 - 87. What is the units digit of k?
5
Let a(q) = 8*q**3 - 17*q**2 - 8*q + 12. Let r(o) = 7*o**3 - 16*o**2 - 7*o + 12. Let b(d) = -6*a(d) + 7*r(d). What is the units digit of b(10)?
2
Let m(b) = -12*b + 1. Let h be m(-2). Let x = h + -62. Let w = -25 - x. What is the tens digit of w?
1
Let y be (-3 + 5)/(4/(-14)). Let h = y - -5. Let r = h - -6. What is the units digit of r?
4
Let s = 8 + -4. Suppose -s*v - 5 = u - 9*v, -5*u = -3*v + 3. Suppose -3*m + 5*z + 10 + 3 = u, 3*m = 2*z + 25. What is the tens digit of m?
1
Let z(c) = -3*c**3 + 2*c + 1. Let j be z(-1). Suppose 11 = -j*v + 79. What is the tens digit of v?
3
Let v be (-6 + 1)/(3 - 4). Suppose v*h = a + 53, a = h - 4*a - 25. What is the tens digit of h?
1
What is the hundreds digit of (0 - (-9)/(-6))/((-1)/118)?
1
Suppose -y = 2*y - 9. Let r = 2 + y. What is the units digit of r?
5
Let g(j) = 2*j**2 - 5*j + 6. What is the units digit of g(-5)?
1
Let b(g) = 1. Let j(z) = -z**2 + 4*z - 1. Let y(i) = 5*b(i) - j(i). What is the tens digit of y(6)?
1
Suppose -2*q + 2*k + 8 = 0, 0 = -2*q + k + 3*k + 10. Suppose -d + 3*d + 5*w - 42 = 0, -5*w - 88 = -q*d. What is the tens digit of d?
2
Let c be 32/(-24)*3/(-2). Suppose 2*s - 35 = -5*w - c*s, -s - 4 = -3*w. What is the units digit of w?
3
Suppose 0 = -2*m - 13 + 55. Suppose 2 = -t + m. What is the tens digit of t?
1
Let l = 9 - 6. Let r = 55 - 34. Suppose -2*t = 2*o - 3*o + 12, -l*o = -t - r. What is the units digit of o?
6
Let v(d) be the second derivative of d**5/20 + 2*d**4/3 - d**3/6 + 3*d**2/2 + 2*d. What is the units digit of v(-8)?
1
Let l = 1 + 3. Suppose 0 = 3*f - 3*r + r - 24, 0 = -l*f - 5*r + 55. What is the units digit of (-1)/(f/(-4) - -2)?
2
Let u(d) be the third derivative of -d**4/12 - d**3/2 - 2*d**2. What is the units digit of u(-6)?
9
Let f be (-9 + -1)/(-3 - -1). Suppose -f*i = 3*a - 36, 3*a = 3*i + a - 14. Suppose -b = 2*b - i. What is the units digit of b?
2
Let b be (-24)/(-4) + (0 - 1). Let p(g) = 3*g**2 + 2*g - b + 4 + 2. What is the units digit of p(-1)?
2
Suppose -2 + 22 = 4*b. Suppose 0 = b*x - x - 80. What is the units digit of x?
0
Let f = 4 + -7. What is the tens digit of 44 + -1*(-1 - f)?
4
What is the tens digit of (-7)/2*624/(-91)?
2
Let a = -97 - -54. Let p = a - -64. What is the units digit of p?
1
Let u = 144 + -21. What is the tens digit of u?
2
Suppose -i = 4*i. Suppose -n = 3*n - 12. Suppose -n*v = -9 - i. What is the units digit of v?
3
Suppose t - 10 = -4*t. Suppose -2*m + 5 = j, 4*m + 5*j = 3*m - t. What is the units digit of m?
3
Let j(g) = 9*g + 4. Let f be j(2). Suppose 4*a = -q + 3*q - f, -3*q + 4*a = -39. What is the units digit of q?
7
Suppose 0 = 4*r - 26 - 6. Let i(w) = -5*w - 8. Let k(t) = -9*t - 17. Let n(s) = 11*i(s) - 6*k(s). What is the units digit of n(r)?
6
Let j(t) = 5 - 4 - t**3 - 1 + 5 - 3*t - 4*t**2. What is the units digit of j(-4)?
7
Let j(t) = -4*t**3 + 6*t**2 + t + 4. Let d(u) = u**2 + 1. Suppose a - 4 + 3 = 0. Let b(f) = a*j(f) - 4*d(f). What is the units digit of b(-1)?
5
Let c be (-8)/(1 + (-2)/4). What is the units digit of 14/18 + c/(-72)?
1
Let m = -17 + 25. What is the tens digit of m*((-36)/(-16) + 0)?
1
Let b = 179 - 2. What is the hundreds digit of b?
1
Suppose -3*o - 2*t + 4 = -t, -t = -5*o + 20. Suppose -6*u + o*z - 4 = -u, 10 = -2*u - 3*z. Let p = 6 + u. What is the units digit of p?
4
Let l(u) = 11*u + 1 + 10*u - 2*u. Let t be 1/2 - (-2)/4. What is the units digit of l(t)?
0
Let g(i) = -i**3 - 2*i**2 - i. Let d be g(-2). Let q be 0*d/6 + 2. Suppose q*s = s + 5. What is the units digit of s?
5
Let f = 28 - 20. Suppose 2*m - 4*m + f = 0. What is the units digit of m?
4
Let w(u) = 2*u**2 - 4*u + 3. Let f be w(3). Suppose 0 = 5*t - 2*t - 9. Suppose t = 2*m - f. What is the units digit of m?
6
Let q = -1 + 1. Suppose -4*s - 4*p = 0, q*p = -p - 5. Suppose 0 = s*a - 29 + 4. What is the units digit of a?
5
Suppose -1 = -4*i + 7. Suppose 2 = -3*c + 4*c + a, c + 4*a - i = 0. What is the units digit of c?
2
Suppose 2*s + 6 - 136 = 0. Suppose 5*j - s = -0. What is the tens digit of j?
1
Suppose -o + 6*o - 10 = 0. Suppose -v - v = -o. What is the units digit of v?
1
Let f(w) = -w**3 - 11*w**2 - 11*w - 8. Let h be f(-10). Let y = h - 1. What is the units digit of y?
1
Suppose 0 = -4*u + 2*r + 6, 5*r = 3*u + 2*u + 5. What is the tens digit of 3*u/24*54?
2
Suppose -5*a - 5*n + 365 = 0, 0*a - 2*n + 374 = 5*a. What is the units digit of a?
6
Suppose -279 = -3*o - 15. What is the tens digit of o?
8
Let n(g) = -12*g**2 + g + 1. Let u be n(2). Let j = 71 + u. What is the units digit of j?
6
What is the hundreds digit of 19/(2/6 + 1/(-6))?
1
Let s be (-2)/(2 - (-39)/(-21)). What is the tens digit of 2596/77 + (-4)/s?
3
Let n = 7 - 7. Suppose 5*q - q - 12 = n. What is the units digit of q?
3
Let p(j) = -6*j - 8. What is the tens digit of p(-11)?
5
Suppose 2*b + 0 + 12 = 0. Let t = -1 - b. What is the units digit of t?
5
Suppose r + 2 = 3. Let a be ((-3)/6)/(r/(-10)). Suppose -a*g - b + 2 + 5 = 0, -4*g + 17 = -3*b. What is the units digit of g?
2
Suppose -v = -2*v + 2. Suppose -3*m + 4*y = -31, 4*m - v*y - 28 = -0*y. What is the units digit of m?
5
What is the tens digit of (-2)/8 + (-90)/(-8)?
1
Suppose o = n - 1 + 2, 0 = -5*n + 3*o - 1. Let q be 6*n/(-2) + 8. Suppose 0 = 5*f - q - 5. What is the units digit of f?
2
Let h(m) = 2*m**2 + 4*m**3 + 6 + 6*m**2 + m - 3*m**2 - 3*m**3. What is the units digit of h(-5)?
1
Let r(v) = v**3 + 9*v**2 + 8*v - 1. What is the units digit of r(-7)?
1
Let z(p) be the third derivative of 1/60*p**5 + 0*p + 1/3*p**4 - 7/3*p**3 + 0 + p**2. What is the units digit of z(-10)?
6
Suppose 2 = -4*k + 10. Suppose 54 = -k*x + 4*x. What is the units digit of x?
7
Let x be (-39)/(-9) - 4/(-6). Suppose x*h + 2*u - 28 = -0*u, -2*h - u + 11 = 0. Let f = h + -4. What is the units digit of f?
2
Suppose 0 = -2*p + 39 + 11. What is the tens digit of p?
2
Suppose -2*y + 3 = -3*q, -4*q = -2*y + 2 + 4. Let k be -1*(-4 - q) + 3. Suppose -14 = -k*h + 38. What is the tens digit of h?
1
Suppose 0 = 6*a - a - 165. Suppose 4*b + y + 3 = 15, 2*y - 14 = -3*b. Suppose -a = -b*u - u. What is the units digit of u?
1
Let h(n) = -5*n + 9. What is the units digit of h(-5)?
4
Suppose 3*c = 3 - 12. Let o be 24/2*c/(-9). Suppose 2*i - 4*q = 14, -o*i - 4*q + 28 = q. What is the units digit of i?
7
What is the tens digit of (-3 - (46 + 3))*(-2 + 1)?
5
Let t = -24 + -7. Let x = 50 + t. What is the tens digit of x?
1
Suppose -754 + 284 = -5*g. What is the units digit of g?
4
Suppose 0 = 3*d - 2*d - 3. Let k be 5 + -1 - (-2 + d). Suppose x + 20 = k*x. What is the units digit of x?
0
Suppose 3*d + a - 5*a = 29, -5*d = -3*a - 30. Suppose -d*b = b - 24. Suppose 3*l - 4*v = 13, l - b*l - 5*v = -80. What is the units digit of l?
1
Let z(q) = -5*q**3 - 2*q**2 - 2*q - 1. What is the units digit of z(-1)?
4
Let j(o) = o + 9. Let a be j(-7). Suppose f + a*f - 66 = 0. What is the units digit of f?
2
Suppose 0*u - 4*j = 3*u - 313, -u - j + 106 = 0. Suppose 4*t = u - 11. What is the units digit of t?
5
Let m(b) be the second de